{"id":321,"date":"2023-07-11T13:32:01","date_gmt":"2023-07-11T13:32:01","guid":{"rendered":"https:\/\/kommits.adue.se\/?page_id=321"},"modified":"2023-08-08T10:50:58","modified_gmt":"2023-08-08T10:50:58","slug":"kommits-stadgar","status":"publish","type":"page","link":"https:\/\/kommits.se\/?page_id=321","title":{"rendered":"KommITS stadgar"},"content":{"rendered":"\n<h4 class=\"wp-block-heading\"><strong>\u00a7 1. F\u00d6RENINGENS NAMN<\/strong><\/h4>\n\n\n\n<p>F\u00f6reningens namn \u00e4r &#8221;KommITS&#8221; \u2014 Kommuner i IT-samverkan<\/p>\n\n\n\n<h4 class=\"wp-block-heading\"><strong>\u00a7 2. F\u00d6RENINGENS \u00c4NDAM\u00c5L<\/strong><\/h4>\n\n\n\n<p>KommITS \u00e4r en ideell f\u00f6rening och har till \u00e4ndam\u00e5l:<\/p>\n\n\n\n<ul class=\"wp-block-list\">\n<li>att fr\u00e4mja medlemmarnas intresse i IT-fr\u00e5gor<\/li>\n\n\n\n<li>att vara ett forum f\u00f6r kunskaps- och erfarenhetsutbyte<\/li>\n\n\n\n<li>att vara plattforms- och leverant\u00f6rsoberoende<\/li>\n\n\n\n<li>att omv\u00e4rldsbevaka nationellt och internationellt<\/li>\n<\/ul>\n\n\n\n<h4 class=\"wp-block-heading\"><strong>\u00a7 3. ORGAN<\/strong><\/h4>\n\n\n\n<p>F\u00f6reningens organ \u00e4r<\/p>\n\n\n\n<ul class=\"wp-block-list\">\n<li>F\u00f6reningsst\u00e4mma<\/li>\n\n\n\n<li>Styrelse<\/li>\n\n\n\n<li>Revisorer<\/li>\n\n\n\n<li>Valberedning<\/li>\n<\/ul>\n\n\n\n<h4 class=\"wp-block-heading\"><strong>\u00a7 4. MEDLEMMAR<\/strong><\/h4>\n\n\n\n<p>Till medlem kan antagas person med intresse f\u00f6r f\u00f6reningens \u00e4ndam\u00e5l och som \u00e4r anst\u00e4lld i svensk kommun, kommunalf\u00f6rbund, kommunalt bolag eller liknande organisation d\u00e4r kommunen har ett v\u00e4sentligt inflytande.<\/p>\n\n\n\n<h4 class=\"wp-block-heading\"><strong>\u00a7 5. ANS\u00d6KAN<\/strong><\/h4>\n\n\n\n<p>Ans\u00f6kan om medlemskap st\u00e4lles till f\u00f6reningens styrelse som snarast fattar beslut i fr\u00e5gan och meddelar den s\u00f6kande. Vid avslag skall motivering l\u00e4mnas.<\/p>\n\n\n\n<h4 class=\"wp-block-heading\"><strong>\u00a7 6. UTTR\u00c4DE<\/strong><\/h4>\n\n\n\n<p>Medlem har r\u00e4tt att n\u00e4r som helst, efter meddelande till styrelsen, uttr\u00e4da ur f\u00f6reningen.<\/p>\n\n\n\n<p>Medlem som efter en p\u00e5minnelse icke erlagt medlemsavgift anses ha uttr\u00e4tt ur f\u00f6reningen.<\/p>\n\n\n\n<h4 class=\"wp-block-heading\"><strong>\u00a7 7. UTESLUTNING<\/strong><\/h4>\n\n\n\n<p>Medlem som aktivt motarbetar f\u00f6reningens syften kan av f\u00f6reningsm\u00f6te uteslutas.<\/p>\n\n\n\n<h4 class=\"wp-block-heading\" id=\"h-8STYRELSE\"><strong>\u00a7 8. STYRELSE<\/strong><\/h4>\n\n\n\n<p>F\u00f6reningens angel\u00e4genheter handhas av en styrelse best\u00e5ende av 5-7 ordinarie ledam\u00f6ter samt 2-4 suppleanter.Ledam\u00f6ter och suppleanter v\u00e4ljes f\u00f6r en tid av 2 \u00e5r vid \u00e5rsm\u00f6te, med rullande val.D\u00e5 styrelsen praktiserar ett delat ansvarstagande i arbetet, konstituerar sig styrelsen i sin helhet sj\u00e4lva. Styrelsen skall best\u00e5 av ordf\u00f6rande, vice ordf\u00f6rande, kass\u00f6r och sekreterare som v\u00e4ljs p\u00e5 ett \u00e5r i taget inom styrelsen.<\/p>\n\n\n\n<h4 class=\"wp-block-heading\" id=\"h-9VERKSAMHETSAR\"><strong>\u00a7 9. VERKSAMHETS\u00c5R<\/strong><\/h4>\n\n\n\n<p>F\u00f6reningens verksamhets- och r\u00e4kenskaps\u00e5r l\u00f6per fr\u00e5n och med 1 mars till&nbsp;28 februari.<\/p>\n\n\n\n<h4 class=\"wp-block-heading\" id=\"h-10FORENINGSMOTE\"><strong>\u00a7 10. F\u00d6RENINGSM\u00d6TE<\/strong><\/h4>\n\n\n\n<p>Medlemmarnas r\u00e4tt att deltaga i handhavandet av f\u00f6reningens angel\u00e4genheter ut\u00f6vas p\u00e5 f\u00f6reningsm\u00f6te som kan vara \u00e5rsm\u00f6te eller extra f\u00f6reningsm\u00f6te. Vid f\u00f6reningsm\u00f6te har en medlem per kommun en r\u00f6st.<\/p>\n\n\n\n<p>Omr\u00f6stning sker \u00f6ppet utom vid val, d\u00e4r sluten omr\u00f6stning skall \u00e4ga rum om n\u00e5gon s\u00e5 beg\u00e4r. Beslut fattas, d\u00e4r dessa stadgar ej annorlunda best\u00e4mmer, med enkel r\u00f6st\u00f6vervikt. Vid lika r\u00f6stetal g\u00e4ller den mening, som ordf\u00f6randen bitr\u00e4der, dock sker vid val avg\u00f6randet genom lottning.<\/p>\n\n\n\n<p>\u00c5rsm\u00f6te avh\u00e5lls under sista kvartalet av ett kalender\u00e5r, p\u00e5 plats och tid som best\u00e4mmes av styrelsen.<\/p>\n\n\n\n<p>Skriftlig kallelse, med f\u00f6redragningslista, skall uts\u00e4ndas till medlemmarna i s\u00e5 god tid som m\u00f6jligt, dock senast en vecka f\u00f6re \u00e5rsm\u00f6te eller f\u00f6reningsm\u00f6te.<\/p>\n\n\n\n<h4 class=\"wp-block-heading\" id=\"h-11ARENDENPAARSMOTE\"><strong>\u00a7 11. \u00c4RENDEN P\u00c5 \u00c5RSM\u00d6TE<\/strong><\/h4>\n\n\n\n<p>Vid \u00e5rsm\u00f6te skall f\u00f6ljande \u00e4renden f\u00f6rekomma:<\/p>\n\n\n\n<ol class=\"wp-block-list\">\n<li>Val av ordf\u00f6rande och sekreterare f\u00f6r \u00e5rsm\u00f6tet<\/li>\n\n\n\n<li>Uppr\u00e4ttande av r\u00f6stl\u00e4ngd<\/li>\n\n\n\n<li>Val av 2 justeringsm\u00e4n, tillika vid val fungerande som r\u00f6str\u00e4knare, att tillsammans med m\u00f6tets ordf\u00f6rande justera vid m\u00f6tet f\u00f6rt protokoll<\/li>\n\n\n\n<li>Fr\u00e5ga om \u00e5rsm\u00f6tets beh\u00f6riga utlysande<\/li>\n\n\n\n<li>Behandling av styrelsens \u00e5rsredovisning f\u00f6r senaste verksamhets\u00e5ret<\/li>\n\n\n\n<li>Revisorernas ber\u00e4ttelse f\u00f6r samma tid<\/li>\n\n\n\n<li>Fr\u00e5ga om fastst\u00e4llande av resultat- och balansr\u00e4kningar samt disposition av tillg\u00e4ngliga vinstmedel<\/li>\n\n\n\n<li>Fr\u00e5ga om ansvarsfrihet f\u00f6r styrelsens f\u00f6rvaltning<\/li>\n\n\n\n<li>Beslut om \u00e5rsavgift till f\u00f6reningen<\/li>\n\n\n\n<li>Val av ledam\u00f6ter och suppleanter i styrelsen.<\/li>\n\n\n\n<li>Val av revisor och revisorssuppleant<\/li>\n\n\n\n<li>Val av ledam\u00f6ter i valberedningen<\/li>\n\n\n\n<li>Behandling av \u00e4rende som styrelsen h\u00e4nskjutit till \u00e5rsm\u00f6tet eller som enskild ledamot hos styrelsen skriftligt beg\u00e4rt senast tre veckor f\u00f6re \u00e5rsm\u00f6tet. \u00c4rende som ej upptagits p\u00e5 f\u00f6redragningslistan kan ej g\u00f6ras till f\u00f6rem\u00e5l f\u00f6r beslut.<\/li>\n<\/ol>\n\n\n\n<h4 class=\"wp-block-heading\" id=\"h-12EXTRAFORENINGSMOTE\"><strong>\u00a7 12. EXTRA F\u00d6RENINGSM\u00d6TE<\/strong><\/h4>\n\n\n\n<p>Extra f\u00f6reningsm\u00f6te kan avh\u00e5llas n\u00e4r styrelsen s\u00e5 anser erforderligt eller d\u00e5 minst 20 % av medlemmar s\u00e5 hos styrelsens ordf\u00f6rande skriftligen beg\u00e4r. Extra f\u00f6reningsm\u00f6te skall avh\u00e5llas inom en m\u00e5nad efter det att det beg\u00e4rts.<\/p>\n\n\n\n<p>Vid extra f\u00f6reningsm\u00f6te kan endast till beslut upptagas \u00e4rende som varit angivet i kallelsen till m\u00f6tet. Som ordf\u00f6rande fungerar f\u00f6reningens ordf\u00f6rande, i den m\u00e5n inte m\u00f6tet annorlunda best\u00e4mmer. \u00d6ver extra f\u00f6reningsm\u00f6te f\u00f6res protokoll, som justeras av tv\u00e5 d\u00e4rtill vid m\u00f6tet valda justeringsm\u00e4n.<\/p>\n\n\n\n<h4 class=\"wp-block-heading\" id=\"h-13STYRELSENSUPPGIFTER\"><strong>\u00a7 13. STYRELSENS UPPGIFTER<\/strong><\/h4>\n\n\n\n<p>Styrelsen f\u00f6retr\u00e4der f\u00f6reningen, bevakar dess intressen och handhar dess angel\u00e4genheter samt beslutar p\u00e5 f\u00f6reningens v\u00e4gnar i alla \u00e4renden vars handl\u00e4ggning icke regleras av dessa stadgar.<\/p>\n\n\n\n<p>Det \u00e5ligger styrelsen att:<\/p>\n\n\n\n<ul class=\"wp-block-list\">\n<li>verka f\u00f6r f\u00f6reningens \u00e4ndam\u00e5l<\/li>\n\n\n\n<li>verkst\u00e4lla av f\u00f6reningsm\u00f6te fattade beslut<\/li>\n\n\n\n<li>i samarbete med andra f\u00f6reningar och organisationer anordna m\u00f6ten, kurser, utbildning eller s\u00e5dant som bed\u00f6ms gagna f\u00f6reningen<\/li>\n\n\n\n<li>omh\u00e4nderha f\u00f6reningens ekonomi och bokf\u00f6ring<\/li>\n\n\n\n<li>uppr\u00e4tta f\u00f6rvaltningsber\u00e4ttelse och \u00e5rsredovisning samt framl\u00e4gga dessa vid f\u00f6reningens \u00e5rsm\u00f6te<\/li>\n\n\n\n<li>fr\u00e4mja samverkan med v\u00e5ra internationella v\u00e4nf\u00f6reningar<\/li>\n\n\n\n<li>verkst\u00e4lla \u00f6vriga \u00e5ligganden enligt dessa stadgar<\/li>\n<\/ul>\n\n\n\n<h4 class=\"wp-block-heading\" id=\"h-14FIRMATECKNARE\"><strong>\u00a7 14. FIRMATECKNARE<\/strong><\/h4>\n\n\n\n<p>Firmatecknare \u00e4r ordf\u00f6rande och kass\u00f6r var f\u00f6r sig.<\/p>\n\n\n\n<h4 class=\"wp-block-heading\" id=\"h-15STYRELSESAMMANTRADEN\"><strong>\u00a7 15. STYRELSESAMMANTR\u00c4DEN<\/strong><\/h4>\n\n\n\n<p>Styrelsen sammantr\u00e4der p\u00e5 ordf\u00f6randens kallelse eller n\u00e4r minst halva antalet styrelseledam\u00f6ter s\u00e5 beg\u00e4r. \u00d6ver sammantr\u00e4dena skall f\u00f6ras beslutsprotokoll, i v\u00e4sentliga fr\u00e5gor med motivering, vilket justeras av ordf\u00f6randen och en d\u00e4rtill vald n\u00e4rvarande ledamot.<\/p>\n\n\n\n<p>Kallelse till styrelsesammantr\u00e4de skall uts\u00e4ndas minst en vecka f\u00f6re sammantr\u00e4det. Ordinarie ledamot som ej kan deltaga skall omedelbart anm\u00e4la f\u00f6rfall. Suppleant som tj\u00e4nstg\u00f6r f\u00f6r ordinarie ledamot anses enligt dessa stadgar som ordinarie. Annan suppleant f\u00e5r n\u00e4rvara och har yttrander\u00e4tt men ej r\u00f6str\u00e4tt.<\/p>\n\n\n\n<h4 class=\"wp-block-heading\" id=\"h-16BESLUTSFORHET\"><strong>\u00a7 16. BESLUTSF\u00d6RHET<\/strong><\/h4>\n\n\n\n<p>Styrelsen \u00e4r beslutsf\u00f6r d\u00e5 ordf\u00f6rande eller vice ordf\u00f6rande samt minst 5 ledam\u00f6ter \u00e4r n\u00e4rvarande. Beslut kan fattas med enkel majoritet. Vid lika r\u00f6stetal har ordf\u00f6randen utslagsr\u00f6st.<\/p>\n\n\n\n<h4 class=\"wp-block-heading\" id=\"h-17STYRELSEARVODE\"><strong>\u00a7 17. STYRELSEARVODE<\/strong><\/h4>\n\n\n\n<p>Styrelsearvode utg\u00e5r ej. Ers\u00e4ttning f\u00f6r rese- och merkostnader kan erh\u00e5llas.<\/p>\n\n\n\n<h4 class=\"wp-block-heading\" id=\"h-18REVISION\"><strong>\u00a7 18. REVISION<\/strong><\/h4>\n\n\n\n<p>Styrelsens f\u00f6rvaltning och f\u00f6reningens r\u00e4kenskaper skall \u00e5rligen granskas av f\u00f6reningsm\u00f6tet utsedd revisor. F\u00f6r revisorn utses en suppleant.<\/p>\n\n\n\n<h4 class=\"wp-block-heading\" id=\"h-19VALBEREDNING\"><strong>\u00a7 19. VALBEREDNING<\/strong><\/h4>\n\n\n\n<p>Valberedningen skall best\u00e5 av minst tv\u00e5 ledam\u00f6ter och har till uppgift att f\u00f6resl\u00e5 om- eller nyval av styrelseledam\u00f6ter, styrelsesuppleanter, revisor och revisorssuppleant. Valberedningens f\u00f6rslag skall \u00f6verl\u00e4mnas till styrelsen i s\u00e5 god tid att det kan bifogas kallelsen till f\u00f6reningsm\u00f6tet.<\/p>\n\n\n\n<h4 class=\"wp-block-heading\" id=\"h-20HEDERSMEDLEM\">\u00a7 20. HEDERSMEDLEM<\/h4>\n\n\n\n<p>Den som varit till s\u00e4rskild nytta f\u00f6r f\u00f6reningen och dess intressen kan efter enh\u00e4lligt f\u00f6rslag av styrelsen vid f\u00f6reningsm\u00f6te utses till hedersmedlem. Hedersmedlem \u00e4ger ej r\u00f6str\u00e4tt vid f\u00f6reningsm\u00f6ten.<\/p>\n\n\n\n<h4 class=\"wp-block-heading\" id=\"h-21STADGEANDRING\"><strong>\u00a7 21. STADGE\u00c4NDRING<\/strong><\/h4>\n\n\n\n<p>\u00c4ndring av dessa stadgar kan g\u00f6ras av tv\u00e5 p\u00e5 varandra f\u00f6ljande f\u00f6reningsm\u00f6te och kr\u00e4ver att minst tv\u00e5 tredjedelar av dem som r\u00f6star bitr\u00e4der f\u00f6rslag om \u00e4ndring.<\/p>\n\n\n\n<h4 class=\"wp-block-heading\" id=\"h-22UPPLOSNING\"><strong>\u00a7 22. UPPL\u00d6SNING<\/strong><\/h4>\n\n\n\n<p>F\u00f6r uppl\u00f6sning av f\u00f6reningen kr\u00e4vs beslut vid tv\u00e5 p\u00e5 varandra f\u00f6ljande f\u00f6reningsm\u00f6ten, varav ett skall vara \u00e5rsm\u00f6te, och att f\u00f6rslaget vid den sista st\u00e4mman bitr\u00e4ds av minst tv\u00e5 tredjedelar av angivna r\u00f6ster. Vid det senare tillf\u00e4llet skall \u00e4ven beslut fattas om disposition av f\u00f6reningens egendom, vilken inte f\u00e5r f\u00f6rdelas bland medlemmarna.<\/p>\n\n\n\n<h4 class=\"wp-block-heading\" id=\"h-23IKRAFTTRADANDE\"><strong>\u00a7 23. IKRAFTTR\u00c4DANDE<\/strong><\/h4>\n\n\n\n<p>Dessa stadgar tr\u00e4der i kraft fr o m 20080508<br>Stadgarna \u00e4r uppdaterade efter f\u00f6reningsm\u00f6te 20140429<\/p>\n\n\n\n<p><\/p>\n","protected":false},"excerpt":{"rendered":"<p>\u00a7 1. F\u00d6RENINGENS NAMN F\u00f6reningens namn \u00e4r &#8221;KommITS&#8221; \u2014 Kommuner i IT-samverkan \u00a7 2. F\u00d6RENINGENS \u00c4NDAM\u00c5L KommITS \u00e4r en ideell f\u00f6rening och har till \u00e4ndam\u00e5l: \u00a7 3. ORGAN F\u00f6reningens organ \u00e4r \u00a7 4. MEDLEMMAR Till medlem kan antagas person med intresse f\u00f6r f\u00f6reningens \u00e4ndam\u00e5l och som \u00e4r anst\u00e4lld i svensk kommun, kommunalf\u00f6rbund, kommunalt bolag eller [&hellip;]<\/p>\n","protected":false},"author":3,"featured_media":0,"parent":0,"menu_order":0,"comment_status":"closed","ping_status":"closed","template":"","meta":{"footnotes":""},"class_list":["post-321","page","type-page","status-publish","hentry"],"_links":{"self":[{"href":"https:\/\/kommits.se\/index.php?rest_route=\/wp\/v2\/pages\/321","targetHints":{"allow":["GET"]}}],"collection":[{"href":"https:\/\/kommits.se\/index.php?rest_route=\/wp\/v2\/pages"}],"about":[{"href":"https:\/\/kommits.se\/index.php?rest_route=\/wp\/v2\/types\/page"}],"author":[{"embeddable":true,"href":"https:\/\/kommits.se\/index.php?rest_route=\/wp\/v2\/users\/3"}],"replies":[{"embeddable":true,"href":"https:\/\/kommits.se\/index.php?rest_route=%2Fwp%2Fv2%2Fcomments&post=321"}],"version-history":[{"count":3,"href":"https:\/\/kommits.se\/index.php?rest_route=\/wp\/v2\/pages\/321\/revisions"}],"predecessor-version":[{"id":501,"href":"https:\/\/kommits.se\/index.php?rest_route=\/wp\/v2\/pages\/321\/revisions\/501"}],"wp:attachment":[{"href":"https:\/\/kommits.se\/index.php?rest_route=%2Fwp%2Fv2%2Fmedia&parent=321"}],"curies":[{"name":"wp","href":"https:\/\/api.w.org\/{rel}","templated":true}]}}